l(11)?
5
Suppose 59*t + 6 = 60*t. What is the units digit of 2*(1 - (-81)/t)*7?
3
Suppose 7*h = 271 + 2914. What is the units digit of h?
5
Suppose 0 = -3*r - 4*w + 1505, -1137 + 129 = -2*r - 5*w. What is the units digit of r?
9
Suppose -d + 25 = -10. Suppose -365 = -4*l + p, 2*l + 5*p - 142 = d. What is the tens digit of l?
9
Suppose 0 = -35*y + 33*y + 882. What is the hundreds digit of y?
4
Let r be (2/(-1))/(-4)*2. Let g be r/(-2) - (-25)/(-10). What is the units digit of (-1 - -1) + (g - -75)?
2
Suppose 4*p - 7342 = -2*r - 2028, -3968 = -3*p + 2*r. What is the units digit of p?
6
Suppose -5*a = -4*t - 2615, -523 = 3*a - 4*a + 5*t. What is the tens digit of a?
2
Let s = 52 - 50. Suppose 38 = 2*v + 5*t - t, s*v + 2*t = 28. What is the units digit of v?
9
Suppose 11 = 4*w - 3*v, 2*v = -2*w - 0*v + 16. Suppose 4 = -2*g + 3*g + 2*p, g - 11 = w*p. What is the units digit of -2*(-3)/g + 9?
0
Let j = 30 - 32. Let k be (1 - j)/((-39)/(-208)). Suppose -x - 12 + k = 0. What is the units digit of x?
4
Let x = -271 - -473. Suppose -2*o = -x + 28. What is the tens digit of o?
8
Suppose -c - 43 = -248. Suppose 4*t = c + 43. Suppose t = i - 2*s, -3*s = i - 19 - 18. What is the units digit of i?
2
Let w = 0 + 0. Suppose 5*l - 1022 = -6*p + 2*p, -2*l + 4*p + 420 = w. What is the hundreds digit of l?
2
Let v be 1/(-2) - 203/(-14). Let i = v + -14. Suppose -4*m + 130 = -5*y - 24, i = 4*m + y - 166. What is the tens digit of m?
4
Suppose 3*z - 12 = -0*z. Let b(u) = 2*u - 2 + z + 2*u**2 - u**3 + 3. What is the units digit of b(-3)?
4
Suppose -221 = 2*f - 5*b - 751, 2*b = 0. What is the units digit of f?
5
Suppose 20 = -5*s + s. Let z = s - -3. What is the tens digit of z/5 + 284/10?
2
Suppose -5*q = -4*j - 300, 0*j - 3*q = -j - 68. Let w = 3 - j. What is the tens digit of w?
8
Let h = 113 + -107. Suppose -3*t + h*t - 873 = 0. What is the units digit of t?
1
Let t(u) = 680*u + 203. What is the thousands digit of t(8)?
5
Suppose 3*g + 3*h = g + 11161, -22315 = -4*g + h. What is the thousands digit of g?
5
Suppose 5*c - 1234 = -3*x + 70, 3*x - 4*c = 1322. What is the hundreds digit of x?
4
Let c(w) = 51*w - 57. What is the hundreds digit of c(6)?
2
Let k(a) = 135*a. Let u be k(1). Suppose 3*j - 4*h = u + 498, j = -h + 204. What is the hundreds digit of j?
2
Let l(k) = -k**2 - 10*k + 13. Let h be l(-11). What is the hundreds digit of ((-6)/h - -134)*1*1?
1
Let z be 6/5*(-5)/(-2). Suppose -33 = -3*d + 2*q, 3*d = -2*d + z*q + 54. What is the units digit of d?
9
Let l = 736 - 641. What is the tens digit of l?
9
Let s be ((-4)/5)/(4/170). Let o be s - (0/(-3))/(-1). Let w = o + 64. What is the tens digit of w?
3
What is the tens digit of 3175 + 14 + (-24)/3?
8
Let z = 572 - 569. Suppose 2*o - 78 = -o. Suppose -z*l = -2*l - o. What is the units digit of l?
6
Suppose -h - 4*h = 95. Let o = h - -19. Suppose o = f + f - 60. What is the units digit of f?
0
Let b = -322 - -603. What is the tens digit of b?
8
Suppose 0 = 3*l - 1 - 80. What is the units digit of (-4)/18 + 600/l?
2
Suppose -u + 2*i = -23, -5*i = -5*u - 4*i + 70. Suppose 0 = 15*y - u*y - 108. What is the tens digit of y?
5
Let k(l) be the second derivative of l**6/240 + l**5/15 + l**4/3 - 2*l. Let w(r) be the third derivative of k(r). What is the tens digit of w(6)?
2
What is the hundreds digit of (159/106)/(3/1436)?
7
Let f(g) = 19*g**2 - 6*g - 2. Let r(b) = -18*b**2 + 6*b + 3. Let w(p) = 6*f(p) + 5*r(p). What is the tens digit of w(2)?
8
Suppose 28*x - 8497 = -x. What is the hundreds digit of x?
2
Let j(r) = -2*r + 34. Let g be j(-13). Suppose 0*b = -2*b + g. What is the tens digit of b?
3
Suppose 8*j + 5 = 37. What is the units digit of (j + -3)*(-1 - -2)?
1
Suppose 2*i + 111 = -j, -4*j + 33 = -2*i - 83. Let r = i - -96. What is the units digit of r?
0
Let h be 8/(-10)*(3 + -88). Suppose -3*z + 987 = -3*f, f - 5*f = -3*z + 982. Suppose -z = -7*b - h. What is the tens digit of b?
3
Let z be 2/11 + 280/154. Suppose 0 = -z*u - 16 + 44. What is the units digit of u?
4
Let c(v) = -v**3 - 8*v**2 - 2*v - 12. Let w be c(-8). Suppose -4*b - w*y + 485 = -183, b = 3*y + 155. What is the hundreds digit of b?
1
Let n be 6/(-21) + (-23)/(-7). Suppose 4*c = 3*s - 2 - 0, 0 = n*c - 3. What is the units digit of (0 + s)*26/4?
3
Let d = 374 - -53. What is the units digit of d?
7
Let o be (((-28)/(-6))/1)/(26/507). Suppose -179 - o = -5*i. What is the tens digit of i?
5
What is the hundreds digit of 11*(-4 + (-140)/(-4))?
3
Let s(m) = m**3 - 4*m**2 - 4*m - 6. Let f be s(5). Let l = 6 + f. Suppose -4*g = 8, l*t - 4*g = 2*t + 17. What is the units digit of t?
3
Let w = 881 - 470. What is the tens digit of w?
1
Let s be (48/(-4))/(-4) + 1. Suppose -5*l - 214 = -s*b, -4*b - l = -141 - 85. What is the tens digit of b?
5
Let x = -24 + 26. What is the units digit of 5 - x - (-1 + -16)?
0
Let g be (155/20)/((-3)/(-12)). Suppose g*s = 36*s - 830. What is the units digit of s?
6
Suppose 0 = 3*x + 3*x - 24. Suppose -3*k = -x*v + 8, 0 = -0*k + 3*k - 5*v + 13. Suppose k*s = 2*z + 62, 4*z = -s - 0*s + 38. What is the units digit of s?
8
Let n(o) = o**2 - 7. Suppose -5*d + d = 4*l + 20, -4*l = d + 23. What is the units digit of n(l)?
9
Let o(d) = -2*d**3 + 47*d**2 + 20*d - 40. What is the units digit of o(22)?
2
Let r(g) = -4*g + 1. Let t be r(-2). Suppose 6*l = t*l - 885. What is the tens digit of l?
9
Let p(c) = c**3 + 8*c**2 + 2*c - 6. Let g(i) = -i**2 + 12*i - 5. Let z be g(12). What is the tens digit of p(z)?
5
Let y = 20 + -35. Suppose 0 = -4*w + 13 + 107. Let v = y + w. What is the tens digit of v?
1
Let c(h) = 3*h**2 - 7*h + 5. What is the tens digit of c(12)?
5
Suppose -5*f - y - 1 = 0, 3*f + 5*y - 3 + 8 = 0. Suppose -3*n - 12 = 0, 135 = l - f*l - 4*n. What is the tens digit of l?
1
Suppose 0*s + 51 = s. Let k = s + 12. What is the tens digit of k?
6
Suppose -5*i - 3 = -2*w + w, -w - i = 3. What is the hundreds digit of ((-1 - -2) + 394)*w/(-5)?
1
Let z be (-9)/(360/(-16)) + (-4)/10. What is the hundreds digit of (22/(-3) + z)/((-50)/975)?
1
Suppose 80*n + 2*a = 77*n + 8960, -2*a = -5*n + 14960. What is the hundreds digit of n?
9
What is the units digit of -4*4/16 + 25?
4
Let v(g) = -3*g + 23. Let o be v(7). Suppose -11 - 121 = -o*s. What is the tens digit of s?
6
Let m = -88 + 10. Let k be 4/14 + m/(-21). Suppose -k*u + 121 = -95. What is the units digit of u?
4
Let r(d) = 2*d**3 - 8*d**2 - 10*d + 7. Let w be r(7). Suppose 0 = -3*i + 2*y - w - 22, 5*y - 259 = 3*i. Let v = i - -135. What is the tens digit of v?
5
Let a = -4578 - -8624. What is the hundreds digit of a?
0
Suppose -i - 589 = -4*i + q, -5*q + 975 = 5*i. What is the tens digit of i?
9
Let u(p) = 61*p**2 + 3*p - 11. What is the thousands digit of u(-6)?
2
Let c be (3 + -3 - -3) + -3. Suppose c = 3*g - 132 - 90. Suppose 0*n + n = g. What is the tens digit of n?
7
Let t(b) be the third derivative of b**6/120 - 13*b**5/60 + b**4/12 + 14*b**3/3 + 30*b**2. What is the tens digit of t(13)?
5
Suppose 268*y = 264*y + 2040. What is the hundreds digit of y?
5
Suppose 5*y - 5*o = 1155, -5*y + 2*o = -1013 - 151. Suppose 4*k + 5*j = 277, 4*k - k - 5*j = y. What is the tens digit of k?
7
Suppose -3*v + 3*o = -5121, 27*v - 8575 = 22*v - 3*o. What is the units digit of v?
2
Let f = -4 + 12. Suppose 5*z - f*z = 48. Let k = z - -17. What is the units digit of k?
1
Let a be 76*(1/(-2))/1. Let s = -154 + 225. Let o = s + a. What is the units digit of o?
3
Let d = 40 + 80. Suppose 6*w + d = 10*w. What is the tens digit of w?
3
What is the units digit of 9306/564*(66 - 0/(-1))?
9
Suppose 5*q - 6 = 4. Let g = 4 - q. Suppose 7*s = -3*r + 2*s + 64, r = -g*s + 22. What is the units digit of r?
8
Let l = -7 + 17. Suppose -9*m - 24 = -l*m. What is the tens digit of m?
2
Let j(o) = -6*o**3 - o**2 - o. Let y = 8 - 10. Let t be y/3*6/4. What is the units digit of j(t)?
6
Let y(a) be the first derivative of -27*a**2/2 + 5. Let h be y(-1). Let o = h + 8. What is the units digit of o?
5
Let i be 0/(6/(-2) - -1). Suppose 0 = -i*m + 4*m + 16. What is the tens digit of (58/m - -3)*-2?
2
Let n(c) = 19. Let f(k) = k + 1. Let l(r) = -f(r) + n(r). What is the tens digit of l(-18)?
3
Let g(w) = 14*w - 542 + 2*w**2 - 5*w**2 + 541. What is the units digit of g(4)?
7
Suppose -476 = -0*o - 2*o - 4*i, -2*i - 714 = 